Let q be j(-5). Let g = -4 + q. What is the units digit of g?
1
Let o(l) = -l**2 + 9*l + 8. Let z be o(9). Let k = z - 2. What is the units digit of k?
6
What is the units digit of (2/(-4))/((-9)/3438)?
1
Suppose 5*i + 50 = 245. What is the tens digit of i?
3
Suppose -163 = -4*w + 3*d, 0*w - 4*d = 3*w - 91. Let l(v) = -3*v**2 - 3*v - 8. Let z be l(-3). Let g = z + w. What is the tens digit of g?
1
Suppose j - 5*c - 3 = -2, -5*j - 5*c = -5. Let n = 0 + j. Suppose -6 = -i + n. What is the units digit of i?
7
Let l = 125 - 74. What is the tens digit of l?
5
Suppose 2*p + 26 = 3*p - 4*v, -4*v = -5*p + 162. Let s = 67 - p. What is the tens digit of s?
3
Let o be (-44)/(-16) - (-2)/8. Suppose 3*s - 5*d - 4 - 8 = 0, s - 4*d = -o. Let y = 25 - s. What is the units digit of y?
6
What is the tens digit of -4 + 4 + -4 + 66?
6
Let a(y) = -2*y - 6. What is the units digit of a(-12)?
8
Let i = 59 + -29. Let t = i + -13. What is the units digit of t?
7
Let c(x) = 5*x**2 + 2*x + 9. What is the tens digit of c(-6)?
7
Suppose 0 = 3*g + w - 4, -2*g + 4*w - 4 = 3*w. Suppose -2*v = o - 11, -3*v + o = -g*v - 4. Suppose -v*k + 18 = -9. What is the units digit of k?
9
What is the units digit of (8/14 - 9394/490)*-5?
3
Let x = -5 + 14. What is the units digit of x?
9
Suppose 3*u - 136 = -g + 6*g, -u + 3*g = -48. What is the units digit of u?
2
Let x be 1/(-2) + (-4)/(-8). Suppose 0 = -5*i + 45 - x. What is the units digit of i?
9
Let g(s) = -s**2 + 6*s + 2. Let w be g(7). Let v be (1/(-3))/(w/930). Suppose a = 3, 2*a + v = 5*y - y. What is the tens digit of y?
1
Let k(z) = 11*z**3 + 2*z**2 - z. What is the units digit of k(1)?
2
Let s = 89 + -49. What is the tens digit of s?
4
Suppose -v + 2*r = 3*v + 36, 0 = -5*v - 5*r - 60. What is the units digit of (-2)/(-4) - 45/v?
5
Suppose 5*j + 63 = 2*j. Let k = -147 - -266. What is the units digit of (-2)/(-6) - k/j?
6
Let t(b) = -b**3 + 19*b**2 + 46*b - 26. What is the tens digit of t(21)?
5
Let k be 3/(-3) - (2 - 3). Let z = 25 - k. What is the tens digit of z?
2
Suppose -30 = -2*z + 2*a + 26, 117 = 4*z - 5*a. What is the units digit of z?
3
Suppose 0 = -4*a - a + s + 678, 270 = 2*a - s. What is the units digit of a?
6
Suppose r - 10 = -0. Let f = -8 + r. What is the units digit of f?
2
Let u(i) = i + 10. Let h be u(-11). Let t = -2 + h. What is the units digit of t/12 + (-74)/(-8)?
9
What is the units digit of ((-84)/20)/(1/(-5))?
1
Let s(m) be the second derivative of m**5/20 - m**2 + 3*m. What is the units digit of s(2)?
6
Suppose 163 = 4*p - 1. What is the units digit of p?
1
Suppose 2*r + 3*r + h = 30, 2*h = -5*r + 35. Suppose -r*x - 23 = -83. What is the units digit of x?
2
Suppose 5*u + 72 = u. Let d = -6 - u. What is the units digit of d?
2
Let s(m) = m**3 - 3*m**2 - 7*m + 6. Let n be s(4). What is the units digit of n/(-9) + (-39)/(-9)?
5
Suppose n + 3*n = -60. What is the tens digit of (-10)/((-24)/n + -2)?
2
What is the tens digit of 2/6 + (-89)/(-3)?
3
Let x be (-12)/3*7*-1. Suppose 5*l - a - 33 = x, -4*a = 4. Let f = 20 - l. What is the units digit of f?
8
Let x(d) = -4*d + 2*d - 4 + 9. Let c be x(-7). Suppose -2*u - 3*u - 4*h = -37, -5*h - c = -u. What is the units digit of u?
9
Suppose -274 = -3*d + 206. What is the hundreds digit of d?
1
Let v(r) = -r**3 - 8*r**2 - 7*r - 1. Let c be v(-7). What is the units digit of (4 + c)/(3/3)?
3
Let y(s) = s**3 + 4*s**2 + 1. Let j be y(-3). Let f be (-4)/(-12) - 150/(-9). Let h = f - j. What is the units digit of h?
7
Let a = -6 - -6. Let v = -8 + a. Let o = -5 - v. What is the units digit of o?
3
Let w(b) = b**3 - 6*b**2 - 12*b + 10. Let m be w(8). Let g = 59 - m. What is the units digit of g?
7
Let k(n) = n. Let z be (1 - 4)*(-7 - -6). Let d(i) = i**2 + 5*i + 1. Let h(p) = z*k(p) + d(p). What is the units digit of h(-8)?
1
Let l(j) = 0*j - 1 + 5 - j. What is the tens digit of l(-6)?
1
Let v be 6 + 14 + (-4)/2. Let d(u) = -u**2 + u - 1. Let h be d(2). What is the units digit of (v/(-15))/(h/15)?
6
Let w(l) = -l - 3. Let h be w(-7). Let r = -2 + h. Suppose -s = -0*s + r, -s + 10 = 4*b. What is the units digit of b?
3
Suppose -3 = -x - 47. Let a = x - -94. What is the tens digit of a?
5
Let l(b) be the third derivative of -b**5/60 - 7*b**4/24 + 3*b**3/2 + 3*b**2. What is the units digit of l(-8)?
1
Let q = 4 + -1. Suppose q*s - 162 = -0*s. What is the units digit of s?
4
Let p = 10 + -7. Suppose -72 = 4*a + s, p*a + 39 = s + 2*s. Let f = -8 - a. What is the units digit of f?
9
Suppose 9 = 3*x - 3*r, r + 16 = -4*x - 2*r. Let a(u) = -9*u**3 + u + 1. What is the units digit of a(x)?
9
Suppose -6*w = -3*w - 216. What is the tens digit of w?
7
Let o be (21/14)/((-2)/(-12)). Suppose 0 = -2*x + 5*x - 48. Let j = x - o. What is the units digit of j?
7
Let s = 108 - -19. What is the hundreds digit of s?
1
Suppose 24 = -2*u - u. Let c = 8 + u. Suppose c = -5*s + 2*s - 3*q + 30, 0 = s - 3*q + 10. What is the units digit of s?
5
Suppose 0 = -3*b + 142 - 10. What is the tens digit of b?
4
Let n = 1 - 0. Let o = n + 14. What is the units digit of o?
5
What is the tens digit of 36 - 9/((-9)/(-4))?
3
Suppose o + 8 = -o + 3*l, -5*l + 28 = 4*o. Suppose -5*v = -4*v - o. What is the units digit of v?
2
Let i(t) = 9*t**2 + 4*t + 12. What is the units digit of i(-4)?
0
Let o(x) = 2*x + 9 - 5*x - 4*x + x**2. What is the tens digit of o(11)?
5
Suppose -2*h - j = h + 49, -5*h = 4*j + 70. What is the tens digit of (-12)/(-54) + (-302)/h?
1
Suppose 6*a - 113 = 2*a - 5*w, -w = 4*a - 93. What is the tens digit of a?
2
Let o = 9 - -17. Let j be (-2)/(-3) + o/6. Suppose j*f = 3*d + 25, -3*f = 4*d - 47 + 3. What is the units digit of f?
8
Let o(t) = 2 - 4 + t**3 - 10*t**2 + t**2 + 9*t. What is the units digit of o(8)?
6
Suppose -4*u - 16 = 0, -y = -u - 4*u - 66. What is the units digit of y?
6
Let q = 3 + 0. Let o = 0 + q. Suppose 0 = -0*x + o*x - 39. What is the tens digit of x?
1
Let h(j) = 2*j + 3. Suppose -13 + 4 = -3*g. What is the units digit of h(g)?
9
Let t(d) = d + 56. What is the units digit of t(-15)?
1
Suppose 0*n + 5*n = 30. Let x = 16 - 12. Suppose -x*u - 6 = -n*u. What is the units digit of u?
3
Suppose 5*r + b - 7 = 0, 10 + 7 = r - 5*b. Suppose -5*g = -r*p + 50, p + p + g = 50. What is the tens digit of p?
2
What is the units digit of 6 - (-1 - (103 - 4))?
6
Let k(o) = -2*o + 9. Let x be k(-8). Suppose 5*j + b = -b + x, -2*b - 31 = -3*j. What is the units digit of j?
7
Suppose 3*y + 0*h = -2*h + 199, 268 = 4*y + 4*h. What is the tens digit of y?
6
Let s(n) = -7*n**2 - n + 15. Let t(g) = 13*g**2 + g - 29. Let y(p) = -11*s(p) - 6*t(p). Let d be y(7). What is the units digit of (3/d)/(1/(-10))?
6
Let x = 9 - 13. Let h(o) = -o**3 - 3*o**2 + 2*o + 4. What is the units digit of h(x)?
2
Let a = 109 + 2. What is the units digit of a?
1
Suppose 0*t - 4 = -t. Suppose 2*h + h = -5*w + 39, 0 = -5*w - t*h + 42. What is the units digit of w?
6
Suppose -x = -0*x - 3. Suppose -34 = -x*j - 2*p, 4*j - 2 - 25 = p. What is the units digit of j?
8
Suppose -1323 = -3*b + 957. Let m = -36 + 91. What is the tens digit of b/m - (-2)/11?
1
What is the units digit of -1 + 27 + -1 + 1?
6
Suppose 12*l + 1940 = 22*l. What is the hundreds digit of l?
1
Let o(c) = 5*c + 3. What is the tens digit of o(4)?
2
Suppose o + 10 = -0*f - 3*f, 6 = o - f. Let j be 11/(-1) + (o - 0). What is the units digit of (-3)/j - 40/(-6)?
7
Let q(x) = x**3 - 8*x**2 + x. Let y be q(8). Let o(z) = -z**3 + 9*z**2 - 4*z - 6. What is the tens digit of o(y)?
2
Suppose 1 = j - 3. Suppose 2*z = j*z - 16. What is the units digit of z?
8
Suppose 4*p - p = 0. Suppose p = -0*c - 4*c + 12. Suppose 0 = -c*r + 4*q + 26, -4*r + q = -14 - 25. What is the units digit of r?
0
Suppose -48 = -n - 3*y + 5*y, -4*n + 4*y = -200. What is the units digit of n?
2
Suppose 0 = 4*n - 6*n + 118. Suppose 0 = 3*f - 7 - n. What is the tens digit of f?
2
Let u = 1 - -2. Let n be (u + -4)*(-14 + 1). Let j = n + -4. What is the units digit of j?
9
Suppose -j = 2*c - 10, -26 = 3*j - 6*j - 5*c. Let w(y) = y**2 - 6*y + 7. Let g be w(5). Let d = j + g. What is the units digit of d?
4
Suppose 0*m - m = 0. Suppose -4*c = -m*c - 24. Suppose c*y - 12 = 2*y. What is the units digit of y?
3
Suppose 0*b - 6*b = -534. What is the units digit of b?
9
Suppose y - 4*o + 0*o - 113 = 0, 0